*3 + 9*t**2 + 3*t - 12. Let r be p(8). Let q = 83 - r. Give d(q).
8
Let j be (170/(-119))/((-1)/(-7)). Let k(y) = -2*y + 1. What is k(j)?
21
Let w be (5/10)/(3/(-48)). Let g(l) be the first derivative of -l**3/3 - 4*l**2 + 7*l - 17. Give g(w).
7
Let y(i) be the third derivative of -i**4/3 - i**3/3 + i**2 + 2*i. Determine y(-2).
14
Let o(d) = -8. Let h(l) = l + 1. Let p(j) = -5*h(j) - o(j). Let m(w) = w**3 + w**2 - 13*w. Let v be m(3). Give p(v).
18
Let h be (15/15)/(1/33). Let c = -39 + h. Let w(q) be the second derivative of q**4/12 + 7*q**3/6 + 5*q**2/2 - 2*q. What is w(c)?
-1
Let i be 8/(-2)*(-30)/40. Let o(q) = 8*q - 3. Give o(i).
21
Let o(u) = -4*u**2 + 41*u - 22. Let f(h) = -2*h**2 + 20*h - 11. Let v(p) = -9*f(p) + 4*o(p). Calculate v(8).
11
Let g(z) = z + 17. Let t = 384 - 397. Calculate g(t).
4
Suppose c - 5 = 5*t, 0 = t + 4*t + c - 5. Let s(g) be the second derivative of 1/6*g**3 - 8*g - 2*g**2 + t. Determine s(4).
0
Let t(q) = -q**3 - 6*q**2 + 9*q + 4. Let p be t(-12). Let w(z) = -8*z + z**2 + 3*z - p + 755. Determine w(5).
-5
Let t(b) = 1 + 8*b - 3*b + 2 - b - 5*b. Suppose 4*i - i = 0. What is t(i)?
3
Suppose 0 = -3*n - 0*n + 4*g + 48, n - 3*g - 11 = 0. Let w = n + -23. Let x(b) = b**2 + 6*b. Calculate x(w).
-9
Let w(m) = m**3 - 3*m**2 - 5*m + 4. Let y be (4/(-12))/((-6)/18) + 3. Give w(y).
0
Let w be -1*(-9)/((-36)/(-8)). Let x(i) = 8*i**2 + i - 1. Calculate x(w).
33
Let i(s) = -s**2 + 8*s + 12. Let w be i(10). Let g = 17 + w. Let k(c) = 4*c**2 - 21*c + 7. Let r(t) = -t**2 + 5*t - 2. Let d(n) = g*r(n) + 2*k(n). What is d(3)?
-4
Let q(u) = u**2 + 2*u + 3. Suppose 6*k = -0*k + 30. Suppose k*r - 4 = -19. Determine q(r).
6
Let z = 18 - 21. Let r(j) = 203 - 65 - 67 + 2*j**2 - 67 + 5*j. Calculate r(z).
7
Let s(i) = 1 + 4*i + 0*i - 3 - 6*i. Let p(b) = -b**2 + 13*b + 52. Let f be p(16). What is s(f)?
-10
Let w(r) = -3*r - 5 - 7*r**2 + 3 + 2*r + 3. Let b be -2 + (9 - (3 + 3)). Calculate w(b).
-7
Let m(s) = s - 2. Suppose 0 = -f + 4*g - 12, 2 = -3*f - 5*g - 0. Let v be m(f). Let x(k) = -4 + 3 - k - 7. Determine x(v).
-2
Let r be (-1)/2*(-6 + 2). Suppose 2*l - 3*a = -1 - 24, r*l - a + 19 = 0. Let m(n) = -3*n - 11. Determine m(l).
13
Let h(l) = -5 + 0*l**2 - 11*l**2 + 7*l + 10*l**2 + l. What is h(7)?
2
Let c(x) = -14*x + 26. Let n(q) = -q + 3. Let m(j) = c(j) - 12*n(j). Calculate m(-9).
8
Suppose 0*v = 4*v + 8. Suppose -5*c + 9*c = 44. Let u(k) = c*k - 16*k + 3*k. Calculate u(v).
4
Suppose -4*w + 36 = 5*l, 5 + 7 = w + 2*l. Let a be 28 - (-1 - 0/(-2)). Suppose a = w*d + 1. Let t(o) = -o**3 + 8*o**2 - 7*o + 3. Calculate t(d).
3
Let j(p) be the first derivative of 2*p**3 - 12. Give j(2).
24
Let w(z) be the third derivative of -1/20*z**5 - 1/120*z**6 - 7*z**2 + 0*z + 0 + 1/3*z**3 + 1/12*z**4. What is w(-2)?
-6
Let v(l) be the third derivative of -l**4/24 - 7*l**3/3 + l**2 + 12. Calculate v(-8).
-6
Let c(w) = w**2 - 7*w + 6. Suppose -24 = 4*i - 2*i. Let h = 369 - 351. Let t be (6/h)/((-1)/i). Determine c(t).
-6
Let f(i) be the third derivative of -i**7/280 + i**5/60 - i**4/24 + i**3/2 + 9*i**2. Let h(v) be the first derivative of f(v). Calculate h(1).
-2
Let o(d) = d**3 + 10*d**2 + d + 14. Suppose r = 2*y + 17, -5*y - r - 15 = 38. What is o(y)?
4
Let b(v) = v - 1. Let r(u) = 12*u + 15. Let a(o) = 3*o + 4. Let m(l) = 15*a(l) - 4*r(l). Let s(k) = b(k) + m(k). Suppose -3*p + 11 - 26 = 0. Determine s(p).
9
Let s(w) = w**3 + 3*w**2 - 3*w - 3. Suppose 2 - 59 = 19*x. What is s(x)?
6
Let b(u) = u**3 - 3*u**2 + u + 3. Suppose -f + 11 = 3*i, -i - 2*f + 14 = i. Calculate b(i).
1
Let t(a) = 5*a**2 + 1. Suppose -12*s = 8 + 4. Calculate t(s).
6
Suppose -830 = -7*h + 2*h - 4*x, 0 = -h - 2*x + 172. Let v(l) = -9*l + 163*l**2 - 6 - h*l**2 + 2*l. Determine v(8).
2
Let b(w) be the first derivative of -w**4/4 + 7*w**3/3 - 4*w**2 + 3*w - 71. Let d be 4/26 - 228/(-39). Calculate b(d).
-9
Let w(t) = 0*t**2 - 8*t - t - t**2 + 0*t + 1. Calculate w(-6).
19
Let s(v) be the first derivative of -v**2 - 1/4*v**4 - 2*v**3 - 6 + 5*v. Give s(-5).
-10
Let d(k) = 8*k**2 - 3*k + 13. Let o(q) = 7*q**2 - 3*q + 12. Let t(i) = 6*d(i) - 7*o(i). Calculate t(5).
-16
Let l be (-2 - 0 - (-306)/68)*-2. Let z(m) = -3*m - 3. Calculate z(l).
12
Let x be (4/(-8))/(2/(-60)). Let s = -15 + x. Let v(w) = -w + 1. Give v(s).
1
Let n(s) = -s + 6. Suppose 4*u + 3*z + 41 = 0, -3*z + 15 = -5*u + 2*u. Calculate n(u).
14
Suppose -5*a - 4*q = 10, 0 = -a + 6*a + q - 5. Let f(t) = -3*t + 2 + 3*t + a*t. Calculate f(3).
8
Suppose -3*o + 0*x + 33 = -2*x, 0 = 4*x + 12. Let s(y) = -y**2 + 13*y - 17. What is s(o)?
19
Let c be (-2 - 40/(-15))/((-6)/27). Let j(v) = -v**2 - 3*v - 6. Let q(s) = -s - 1. Let g(m) = j(m) - 2*q(m). Determine g(c).
-10
Let d(s) = s**3 + 8*s**2 + 14*s + 15. Let r be d(-6). Let m(w) be the second derivative of -1/6*w**4 + 5/6*w**r + 3*w + w**2 + 0. Calculate m(4).
-10
Let y(l) = 2*l - 2. Let t(j) = -4*j - 153. Let g be t(-38). Give y(g).
-4
Let j(b) = b**3 + 6*b**2 - 8. Suppose 72*h + 30 = 67*h. Calculate j(h).
-8
Let f(z) = z**3 + 5*z**2 - 8*z - 2. Suppose -4*t = -4*c - 12, t + 2 = 2*t. Let q be (-9 - 3)*(c + 0). Suppose a - 3*a - q = 0. Calculate f(a).
10
Let o be ((-5)/(-10))/(1*(-9)/(-54)). Let q(d) = -5*d - 4. Determine q(o).
-19
Let i(m) = m**3 - 6*m**2 - 9*m + 8. Let r be i(7). Let n(z) = -z**3 - 8*z**2 + z + 3. Let g(f) = -f**2 - 1. Let k(v) = 2*g(v) - n(v). What is k(r)?
1
Let p(c) = 7*c**2 + 11*c - 1. Let v(s) be the third derivative of -s**5/20 - 5*s**4/24 + s**2. Let u(n) = -4*p(n) - 9*v(n). Give u(4).
-8
Let n = -128 - -125. Let a = 9 - 7. Let j(k) = 2*k**a - k**2 - 3*k + 2*k - 5*k**2 - k**3. Calculate j(n).
-6
Let o(j) = -j - 4. Let a be 6 + ((-3)/6 - 1)*8. Calculate o(a).
2
Let x(a) = a**2 - a - 5. Let q(m) = 6*m**2 + 10*m - 52. Let b(s) = -q(s) + 7*x(s). Calculate b(12).
-43
Let c = -3 + -2. Let n(s) = -2*s**3 - 21*s**2 - 7*s - 7. Let h(y) = y**3 + 11*y**2 + 4*y + 4. Let z(u) = -11*h(u) - 6*n(u). What is z(c)?
8
Let a be 1/2 + 392/112. Let n(x) = 7 + 2*x**3 + 2*x - x**3 - 2 - 4*x**2. Determine n(a).
13
Suppose -81 = 4*l - 25. Let c(f) = -3*f - 9. Give c(l).
33
Let a(j) = -7*j**3 + 2*j**2 + 13*j - 9. Let p(r) = 13*r**3 - 5*r**2 - 26*r + 17. Let c(w) = -11*a(w) - 6*p(w). Determine c(9).
33
Let j(k) = -k**2 + 13*k + 4. Suppose 128 = 4*i + 84. What is j(i)?
26
Let x(z) be the second derivative of -z**5/20 + z**4/6 - z**2/2 - 91*z. Let l(j) = 2*j**2 + 2*j - 2. Let h be l(-2). Determine x(h).
-1
Let o = 8 + -26. Let t = -20 - o. Let c(n) = -n + 2. Give c(t).
4
Let v = 20 - 14. Suppose 0 = -v*d + d - 3*g + 37, -3*d + 3*g = -3. Let t(r) = r**2 + d*r - 2*r**2 + 8 + 3*r**2 - 6. Give t(-3).
5
Let v(i) = -i - 15. Let j = -508 + 501. What is v(j)?
-8
Suppose -5*x + 4*x = -2, 2*x = -3*y - 20. Let d(k) = -5*k - 1. Calculate d(y).
39
Suppose -8*j = 6*j - 28. Let f(t) = 2*t**2. Calculate f(j).
8
Let i(x) = -2*x**3 - x**2 + 5*x + 1. Let c be i(-2). Let v(q) be the first derivative of q**4/4 - q**3 + 3*q + 8. Determine v(c).
3
Let m(g) = g**2 + g - 17. Let a be m(-5). Let t(r) = -3 - a*r + 2*r + 3. What is t(-3)?
3
Let s(c) = -c**2 - 7*c + 9. Let p be s(-7). Let d(i) = i**3 - 10*i**2 + 9*i - 6. Let a be d(p). Let y(m) = m + 2. Calculate y(a).
-4
Let l(t) be the first derivative of 0*t + 5 - 1/6*t**3 + 1/24*t**4 + 2*t**2. Let a(q) be the second derivative of l(q). What is a(-3)?
-4
Let d(z) = 3*z**2 + 3*z - 3. Let s be d(-2). Let y(x) = -3*x + s*x**2 + 2*x - 3*x**3 + x**3. Determine y(2).
-6
Let i(a) be the second derivative of a**3/2 - 4*a**2 - 7*a - 9. Determine i(2).
-2
Let z(m) = m + 10. Let u be z(-5). Let w(d) = -2*d + u*d**2 + 0*d + 1 - 2. Let n be ((-42)/(-6))/(-7)*1. Determine w(n).
6
Let o(i) = -i + 8. Let k be o(0). Suppose -4*a + 2*a = k. Let f(j) = -12*j - 6. Let s(d) = -7*d - 4. Let b(z) = -3*f(z) + 5*s(z). Determine b(a).
-6
Let c(k) = -k**3 + 4*k**2 + 6*k - 7. Suppose 4*y - 5*t + 55 = 0, 7*y - 2*y + 5*t + 125 = 0. Let q = y + 25. Calculate c(q).
-2
Let l be (-7 - (-203)/40) + 2. Let j(h) be the third derivative of -l*h**6 + 3*h**2 - 1/24*h**4 + 0 + 0*h + 1/60*h**5 + 1/6*h**3. Determine j(1).
-8
Suppose -6*z + 25 + 17 = 0. Let l(y) = 3*y**2 + z*y + y - 4 - y**3 - 4*y. What is l(3)?
8
Let u(t) = t**3 - 9*t**2 + t - 6. Let g be u(9). Let b(i) = -7 + g + 3*i - 3 - 4. Let p(c) = -c 